22) a composite number?
False
Is (114 - -4) + 2 + -5 prime?
False
Suppose -j - 3*j + 128 = -2*l, j = -2*l + 22. Let z = -17 + j. Is z prime?
True
Suppose -2 + 6 = 2*y. Let h = y - -2. Is h composite?
True
Let c be -2 - 18/4*-2. Suppose c*u - 96 = -5*l + 3*u, 0 = -l - u + 20. Suppose -q = -3*o - 43, 200 = 4*q - o - l. Is q prime?
False
Is 669*(5 + -1 + (-1 - 2)) a prime number?
False
Let b be (-1 - -17) + (4 - 5). Suppose -3*p = -5*g - b, 20 = p - 5*g + 5. Suppose p = 2*m + 3*m - 95. Is m prime?
True
Suppose 1378 + 1670 = 24*p. Is p prime?
True
Suppose 0 = 5*s - x + 28 + 45, -4*s - 4*x - 44 = 0. Let f = 2 - s. Suppose -5 = -a + f. Is a a prime number?
False
Suppose -18 = -2*s - 6. Let g(b) = 3*b**3 + b**2 - 5*b + 8. Let u be g(s). Let j = u - 403. Is j a composite number?
True
Suppose -5*i = 4 + 1, -5*t = 5*i - 330. Is t a prime number?
True
Suppose 3*r - 15 = 12. Let u be 2/4 - 283/(-2). Is r/6 + u/4 a prime number?
True
Suppose 646 + 464 = 5*b. Suppose -6*s + b = -3*s. Is s prime?
False
Let p(t) = 26*t**2 + 9*t - 32. Is p(6) a prime number?
False
Suppose 2*g - 3*g + k + 887 = 0, 3*k - 6 = 0. Is g composite?
True
Let f be 14642/(-26) + 30/195. Is f/(-5) - (-6)/15 a composite number?
False
Let t = 24 + -20. Suppose 3*x - t*x = -743. Is x a composite number?
False
Let g = -21 - -7. Let u be (-4)/g - (-110)/7. Let h = u - -61. Is h a composite number?
True
Suppose -5*a + 20 = 5*r, 2*a = -4 + 8. Suppose -r*f + 419 = 5*j, 2*j - f - 22 = 142. Is j a prime number?
True
Suppose 221 = -4*g - n + 1222, 744 = 3*g + 3*n. Is g a composite number?
False
Let q(t) = -t**2 - 9*t - 1. Let c be q(-7). Is 1939/c - (-6)/(-39) a prime number?
True
Suppose -45 = -5*u + 5*b, -b - 23 = -3*u - 0*b. Let j = 6 - u. Is 56 - (5 - (1 - j)) composite?
False
Suppose -5*m + 7 - 22 = 0, -5*i = m - 17. Suppose 311 = i*g - 325. Is g a composite number?
True
Is 157*(3 + 2/(-1)) a composite number?
False
Is (-4)/(3 - 7)*177 prime?
False
Let v = -299 - -810. Is v composite?
True
Let x(b) = -7*b**2 + 11*b**2 + 2 + 9*b - 3 - 5*b**2. Let j be x(6). Suppose 9 = 2*m - j. Is m composite?
False
Let l(m) = 7 - 7 + m**2 + 2 - m - 1. Let b(k) = -28*k**2 + 6*k - 7. Let z(j) = -b(j) - 6*l(j). Is z(-2) a composite number?
False
Suppose -7695 = -4*g - 1603. Is g composite?
False
Let j(t) = t**3 + 12*t**2 + t + 15. Let d be j(-12). Suppose 2*m - 58 = 2*u, -d*m + 0*m + 4*u = -83. Is m prime?
False
Suppose 0 = -0*u - u + 89. Is u prime?
True
Suppose -2*v + 6*f = 2*f - 110, -f = 2*v - 105. Is v a prime number?
True
Let o = 2 - -3. Suppose 0 = -o*h + 92 + 3. Is h a prime number?
True
Let w = 132 - 72. Suppose 3*b - w = -b. Is b prime?
False
Suppose 0 = 46*i - 50*i + 12796. Is i prime?
False
Let b(z) be the second derivative of z**5/10 - z**4/6 - z**3/6 - z**2 + z. Let a be b(2). Suppose 15 + 25 = a*u. Is u a composite number?
True
Let r be 3 - (-88)/(3 - 1). Let k = 170 + r. Is k a composite number?
True
Let m be (-10)/45 - (-29)/9. Let v(b) = b**2 - 2*b + 1. Is v(m) a composite number?
True
Let k(x) = 15*x + 11. Let z be k(10). Let m = 6 + -6. Suppose v = -m*v + z. Is v a composite number?
True
Let q(l) = 2*l + 3. Let p(n) = 2*n + 3. Let o(m) = -5*p(m) + 4*q(m). Let u be o(-3). Suppose -k + 2*a + 137 = -3*a, 5*k - u*a = 641. Is k a prime number?
True
Suppose 2*x = -4*n + 1226, 0*x - 3*n = 2*x - 1225. Is x a composite number?
True
Let q(c) = 74*c. Is q(1) composite?
True
Let r = 43 + -28. Is r a composite number?
True
Suppose 4*u + 8 = 4*i, 5*i + 12 - 34 = u. Suppose 0*y + 3*a + 153 = u*y, -4*a = 0. Is y a prime number?
False
Let c = 9 - 5. Is c/(-6) - (-204)/9 prime?
False
Let b = -97 + 359. Is b a prime number?
False
Suppose -5*s + 10 = -10*s. Let t(v) = -16*v**3 - v**2 - v + 1. Is t(s) a prime number?
True
Suppose -i - 37 = -5*z, 5*z - 4*i - 37 = 6. Let q(h) = 17*h - 8. Is q(z) a composite number?
True
Is (-1 + 389/(-2))*-2 composite?
True
Suppose -10 = 2*i - 2*s - 2*s, -3*i = -5*s + 11. Let m(j) = 7*j**2 + j**i + 5 + 6*j - 1 - 3. Is m(-5) a prime number?
False
Let r(y) = 3*y**2 - 1. Let q be r(2). Suppose 2*s + 8 = 2*h, h + 2*s = 4*h - q. Is h/(12/(-13) + 1) a prime number?
False
Suppose -3*b + 2*f = -2*b + 2048, -8 = -2*f. Let k be (-2)/(-7) + b/(-14). Let z = k + 17. Is z prime?
True
Is (914 - -2) + 12/(-4) prime?
False
Let v(g) be the first derivative of 58*g**3/3 + g**2 - g + 5. Is v(1) a composite number?
False
Suppose -7*y - 9 = -4*y. Is 3 + y - (-257 - 2) prime?
False
Suppose 2*t - 224 = 5*j - j, t + 5*j - 91 = 0. Is t a prime number?
False
Suppose -8 = -2*b, -4*c = -b - 15 - 1. Suppose -6*t + t - c*d - 55 = 0, -16 = 4*d. Is ((-10)/4)/(t/238) composite?
True
Let b = -163 - -240. Is b a composite number?
True
Let a(o) = o**2 + 7*o + 1. Let h(z) = -z + 1. Let b(d) = a(d) + 6*h(d). Is b(-6) prime?
True
Suppose -6 = -s - 2. Suppose 25 = 5*c - s*c. Suppose 4*w - 95 = -3*r, -2*r - c = -w - 4*r. Is w a prime number?
True
Let a = 104 + -163. Suppose -2*v = 23 + 29. Let m = v - a. Is m composite?
True
Let l(z) = -5 - 35*z + 2 + 2. Suppose -7*w - 18 + 4 = 0. Is l(w) composite?
True
Suppose 8 = -3*x + 5. Is (-331)/x - 0/4 prime?
True
Suppose -418 = -3*o + 206. Suppose -3*k + o = -176. Let f = k - 69. Is f a prime number?
True
Suppose 10 = -2*x + j + 4, -2*x = 2*j. Let k be (0 + x)/((-4)/10). Suppose -i = h - 79, 2*h + 2*h + k*i = 312. Is h a prime number?
True
Let f = 947 + -1489. Let b = 203 - f. Is b a prime number?
False
Let f be (-4)/2 - (-1 - 9). Suppose 2*v + f = 4*i, 0 = 2*v - 5*i + 10 - 0. Suppose a - 3*a + 8 = v. Is a a composite number?
True
Is (-612)/(-16) + 6/8 a prime number?
False
Suppose 0 = -22*r + 3*r + 20045. Is r prime?
False
Suppose 0 = 4*q + s - 96, 0*q - 5*q + 111 = -s. Is q composite?
False
Let s be 2/(25/(-26) - -1). Suppose -8 = -3*c + c - 5*g, s = 4*c + g. Is c prime?
False
Suppose 15 = 5*c - 4*u - 4, 3*c + u = 8. Let j be (-1 - (c - 2))/2. Is 1/(3/162) + j composite?
False
Let w(b) = -b**3 + 8*b**2 - 8*b - 1. Let x(j) = -j**2 - 6*j - 2. Let n be x(-4). Let s be w(n). Let t = s + 11. Is t composite?
True
Suppose 2*d + 16 = 130. Is d prime?
False
Suppose 1111 = -34*h + 35*h. Is h composite?
True
Let m be (-219)/(-9) - 1/3. Let c be m/(-9)*(-3)/2. Is 0 + c + -3 - -54 composite?
True
Suppose 257 = 3*v - 5*h, 6*v - 4*h - 348 = 2*v. Is v composite?
False
Let x = 10 + -5. Suppose 3*s + 1786 = -5*k, 4*k - 3*k = x*s + 2958. Is s/(-10) + (-1)/5 a prime number?
True
Let x be ((-28)/(-8))/(2/16). Suppose 4*w + 6 = 2*w, -w = -5*z + x. Suppose -4*t + z*t = 65. Is t a prime number?
False
Let g = 1 + -1. Suppose -3*n - 5*o + 159 = -g*n, 5*o = -5*n + 275. Is n composite?
True
Suppose 0*c + 4*h = 3*c - 17, -19 = -5*c + 2*h. Let m(a) = 2*a**3 + 2*a + 1. Let u be m(-1). Is (-10)/c*(u - 0) a prime number?
False
Suppose -208*k = -209*k + 113. Is k a composite number?
False
Suppose -4*y + 0*y = 16. Let n be ((-1)/3)/((-1)/6). Is (11/(-2))/(n/y) composite?
False
Let m = -695 + 1650. Is m a prime number?
False
Let i be ((-16)/12)/((-1)/6). Let f be (-5 - -3)/(2/i). Is (-3)/(-3)*(-2 - f) prime?
False
Let c be 8/(-28) + 61/(-7). Let v = 13 + c. Suppose 3*k + y - 3 = 58, 0 = 2*k + v*y - 54. Is k prime?
True
Let j be 124/3 + (-6)/(-9). Suppose -j = -2*o - o. Is o a composite number?
True
Let l(m) = 513*m**3 + 2*m**2 - m. Let n be l(1). Let c be n/1 - -2 - -3. Let i = c + -304. Is i a prime number?
False
Suppose 4*g = -3*y + 1794 - 417, -y + 475 = -4*g. Is y a composite number?
False
Let m(i) = -i**3 + 11*i**2 - 3*i - 17. Is m(10) prime?
True
Suppose 11 = f - 39. Let m = f - 15. Is m a prime number?
False
Let o be ((-586)/3)/(4/6). Let h = o - -452. Is h prime?
False
Let h = 74 - 38. Let u = h + -3. Is u composite?
True
Suppose k = -3*k + 8. Suppose -c = 2*z + 2*z - 69, 0 = -5*z + 2*c + 96. Suppose -z = -b - k*b. Is b prime?
False
Let n(a) be the third derivative of -67*a**4/24 - 2*a**3/3 - 7*a**2. Is n(-5) a prime number?
True
Let l = 6 - 6. Suppose l*d - d = 3. Is 166/d*6/(-4) a prime number?
True
Let k = 2070 - 1379. Is k a prime number?
True
Let w = 6 + -4. Suppose s + w*s = -x + 24, 3*s + 30 = 2*x. Let p = -5 + x. Is p a composite number?
False
Let j be (3 - (-2)/(-1))*17. Let b = 314 + j. Is b a composite number?
False
Let v(n) = 7*n**2 + 6 + 4 - 12*n - n**3 + n**2. Let r be v(8). Let l = r - 